 + x/9. Let j(k) = 10*k - 3. Let z(p) = 2*p - 1. Let b(n) = 2*j(n) - 9*z(n). Give b(t).
-3
Let r(k) = -9*k - 192. Let b be r(-22). Let c(u) = u. Let q(o) = o**2 + o - 3. Let j(g) = -4*c(g) + q(g). Determine j(b).
15
Let s(h) = -h - 6. Suppose 0 = -15*c + 7*c + 224. Suppose -5*l + 5*q + 8 - 53 = 0, 4*q - c = 2*l. What is s(l)?
-2
Suppose 58*j = 7*j + 714. Let b(x) = 6*x - 1. What is b(j)?
83
Suppose 51 = 5*b - 3*m, -37*m = 3*b - 32*m - 17. Let q(v) = 3*v**2 - 8*v + 7. Let d(w) = 13*w**2 - 31*w + 28. Let s(z) = -2*d(z) + 9*q(z). Determine s(b).
-2
Let l(t) = -t**3 - 4*t**2 - 2*t + 17. Let b(p) = -2*p**2 + 46*p + 1590. Let a be b(-19). What is l(a)?
101
Suppose 18 = 5*z - 2. Let a(j) = -19*j**3 - 31*j**2 - 48*j - 1. Let h(b) = -4*b**3 - 7*b**2 - 10*b. Let u(k) = 3*a(k) - 14*h(k). What is u(z)?
-3
Let y(w) be the third derivative of w**5/20 - 85*w**4/24 + 14*w**3/3 + 2*w**2 - 7*w - 4. Determine y(28).
0
Let y(j) = -j - 1. Let g(n) = 12*n - 42. Let c be g(6). Suppose 0 = -7*l - 26 - c. What is y(l)?
7
Let b(s) = -2*s**2 - 11*s + 6. Let o(c) be the first derivative of c**3/3 + c**2/2 + 159. Let r(z) = b(z) + 3*o(z). Calculate r(6).
-6
Let n(d) = -d**2 - d - 7. Let s be 714/8211 - 188/46. Determine n(s).
-19
Let h(x) be the second derivative of -x**4/24 - x**3/6 + 33*x**2 - 3*x + 8. Let t(n) be the first derivative of h(n). Let z = 7 - 10. What is t(z)?
2
Let l(p) = -30*p - 3. Let x(a) = 10*a + 1. Let w be (-1*3*(-21 - -4))/3. Let f be ((-27)/6)/(6/(-8)). Let n(o) = f*l(o) + w*x(o). What is n(2)?
-21
Let f = -74 - -77. Suppose -4 = f*b + b. Let p(r) = -11*r**2. Calculate p(b).
-11
Suppose -2*g - 5*a + 37 = 8, g + 3*a - 17 = 0. Let y(b) = 14*b**2 + 12*b**2 + 7 + 12*b**g - 37*b**2 + b. Calculate y(0).
7
Suppose -3*d = -2*z - 19, 4*z + 11 = 12*d - 15*d. Let p(t) = -3*t + 17. Give p(d).
8
Let r be (4/(-10) - 448/(-20))/2. Let v = r + -8. Let i(z) = -1 + 6*z - 6*z**2 - 285*z**v - 1 + 286*z**3. Calculate i(5).
3
Let i(p) = -2*p - 1. Let a be i(1). Let g be -6 - (-4 - -7)/a. Let x(l) = -5 - 259*l - 94*l**2 + 89*l**2 - l**3 + 256*l. What is x(g)?
10
Let u(b) = 29 - 7*b - 30 + b. Let l be (1*-3)/((-132)/(-88)). Calculate u(l).
11
Let i(z) = -z**3 + 11*z**2 - 23*z - 6. Let q be i(8). Let y(c) = 293 + 0*c - 274 - c - c**q. Determine y(0).
19
Let g(f) = -16*f + 72. Let u(h) = -18*h + 83. Let o(q) = -7*g(q) + 6*u(q). Determine o(-10).
-46
Let s(x) = -2*x**3 - 14*x**2 - 41*x - 11. Let h(l) = -l**3 - 7*l**2 - 19*l - 5. Let g(a) = -7*h(a) + 3*s(a). Give g(-6).
-22
Let p(k) = -k**3 - k**2 + 3*k - 2. Let u = 6225 - 6224. Determine p(u).
-1
Let f(w) = 16*w**2 + 9*w + 10. Let k be f(-1). Let t(g) = g - 22. Give t(k).
-5
Let c(o) = -9*o**3 - 8*o**2 - 6*o + 3. Let w(r) = -16*r**3 - 16*r**2 - 10*r + 4. Let b(f) = -9*c(f) + 5*w(f). What is b(7)?
-28
Let w(p) = p**2 - 8*p + 9. Let g(a) = a**3 - 44*a**2 - 109*a + 788. Let l be g(46). Give w(l).
-3
Let y(i) = i**3 - 7*i**2 + i + 1. Suppose -3*l + 26 = 2*r + l, 4*r - 37 = -3*l. Let q be y(r). Let m be 150/54 - (q/9)/(-4). Let d(x) = x - 4. What is d(m)?
-1
Let j(x) = x - 5. Let d(h) be the third derivative of -h**4/12 + 11*h**3/6 - 15*h**2. Let u(g) = -6*d(g) - 13*j(g). Let c be (-12)/6 + 4 - -4. Give u(c).
-7
Let j(d) = 37 + 0*d - d + 35 - 65 - d**2. Let u(x) = -x**2 - 9*x - 10. Let s be u(-8). Let o be (-3 - s)/(2/10). What is j(o)?
-13
Let t(m) = 194*m**2 + 0*m - 168*m**2 - 3*m + m - 2. Give t(-2).
106
Let v be -1 + (-1)/((-2)/12). Let s(a) = 29*a**3 - 5*a**2 - 4*a - 6. Let t(l) = -72*l**3 + 10*l**2 + 10*l + 12. Let y(j) = 5*s(j) + 2*t(j). What is y(v)?
-6
Let w(i) = 10*i**3 - 6*i**2 + i - 6. Let g(u) = 21*u**3 - 13*u**2 + 2*u - 13. Let l(v) = -6*g(v) + 13*w(v). Calculate l(-1).
-5
Let w(b) = 5*b**2 - 6*b - 2 + 3*b**2 - b**3 + 5 - 6. Let o be w(7). Let i be ((-24)/(-18))/(o/18). Let s(c) = c**2 - 8*c + 8. Determine s(i).
-4
Suppose 23 = v + 21. Let f(r) = -5 + 1 + 4 - v*r. What is f(5)?
-10
Let b(q) = -2*q**2 + 99*q + 154. Let p be b(51). Let d(r) = -5. Let m(k) = 2*k - k - 4 + 3. Let z(j) = p*d(j) - 6*m(j). Determine z(-2).
13
Let g(j) be the second derivative of 11*j**3/6 + 87*j**2/2 - 33*j + 13. Calculate g(-7).
10
Let l(v) = -v**3 - 10*v**2 - v - 4. Let r(g) = g + 1. Let x be -1 - 10/(-2) - 1. Let i(t) = -8*t + 27. Let u(o) = x*r(o) + i(o). Let n be u(8). What is l(n)?
6
Let i(p) = -p**2 - 2*p**2 - p + 2 - p + 2*p**2 - 2*p. What is i(7)?
-75
Let f = 659 + -676. Let h(g) = -g**3 - 16*g**2 + 23*g - 18. Give h(f).
-120
Let f(g) be the second derivative of 1/6*g**3 - 7/2*g**2 + 3*g + 2. Calculate f(-8).
-15
Let z(b) be the second derivative of -13*b**3/2 - 10*b**2 + b - 31. Give z(-4).
136
Suppose -6 + 14 = -m. Let b(j) be the third derivative of 0 + 0*j - 19*j**2 - 5/6*j**3 - 1/24*j**4. Give b(m).
3
Let j(v) = 2*v**3 + 3*v**2 + v + 1. Let d(b) = b**3 + 3*b**2 + 1. Let a(g) = -3*d(g) + 2*j(g). Let w(c) = c**2 - 19*c - 180. Let t be w(-7). Give a(t).
-1
Let n(z) = -z**2 + 13*z - 12. Let k(w) be the second derivative of w**5/20 + w**4/2 - 5*w**3/6 + 23*w**2/2 - 135*w. Let a be k(-7). Determine n(a).
24
Let c(m) = 3*m**2 - 7*m - 2. Let f be c(2). Let v(w) = -3*w**2 - 7*w - 5. Give v(f).
-25
Suppose 6*w - 40 = 8. Let v(r) = 13*r + 2 - 3*r - 21*r**3 - 27*r**3 + 47*r**3 + 7*r**2. What is v(w)?
18
Let v(p) = -p**2 - 3*p - 6. Let x(n) = n**2 + 3*n + 7. Let k(z) = 7*v(z) + 6*x(z). Let i = -2169 + 2165. What is k(i)?
-4
Let t(a) = 35*a + 55. Let f(x) = -187*x - 275. Let m(g) = -6*f(g) - 33*t(g). Give m(-5).
0
Let q(s) = -s**3 + 7*s**2 + 7*s + 5. Let z(n) = -26*n - 2072. Let p be z(-80). Determine q(p).
-3
Let i(w) = -w**2 + 8*w - 12. Let u = 111 - 111. Suppose u = 134*s - 139*s + 35. Give i(s).
-5
Let j(m) = -m - 1. Suppose -11*l = -9*l + 4. Let w be 2 - (-6)/l - -4. Suppose 0 = 5*s - 4*i + 4, -s + w*s - 4*i + 4 = 0. What is j(s)?
-1
Suppose 6 = 3*f, -f + 1 - 3 = -2*i. Suppose i*c = -v + 1, -5*v - 1 = -4*c - 20. Let d(q) be the second derivative of -q**3/2 + 3*q**2/2 + 8*q. What is d(v)?
-6
Let b(v) = v**3 - 6*v**2 - 35*v + 70. Let d be b(9). Let g(r) = -r**3 - 3*r**2 + r - 2. Calculate g(d).
-8
Let w(h) = 4*h + 10. Let n(r) = -3*r - 10. Let u(g) = 6*n(g) + 5*w(g). Let a = 10422 + -10412. Calculate u(a).
10
Let d(m) = 4*m - 15. Let g = 94 + 89. Suppose g = 25*x - 17. What is d(x)?
17
Let u(y) be the first derivative of 15*y**2/2 - 641*y + 2284. What is u(43)?
4
Let x(v) be the first derivative of 2*v**3/3 - 39*v**2/2 + 53*v - 1362. Calculate x(18).
-1
Let l(z) be the second derivative of z**3/6 + 5*z**2 + z. Let p be (-432)/192*6*4/9. Give l(p).
4
Let t be -2 + (-51)/(-24) - 994/16. Let a = 64 + t. Let g be (-63)/(-14) - (a - 0)/4. Let p(r) = -r**3 + 2*r**2 + 6*r - 1. Give p(g).
-9
Let o(y) = -2*y**2 + y + 3. Let z(n) = -6*n**2 + 19*n + 16. Let h(p) = 4*o(p) - z(p). What is h(-6)?
14
Let h be (3/((-27)/6))/((-5)/(-540)). Let w be (-2)/9 - 736/h. Suppose 12 = 7*j - w*j. Let u(x) = -x. Determine u(j).
4
Let y(u) be the second derivative of 5*u**3/6 - 87*u**2 - 7*u + 106. What is y(34)?
-4
Let n(l) be the second derivative of 19*l + 0*l**3 - 1/24*l**5 + 0*l**2 + 5/12*l**4 + 0 - 1/240*l**6. Let c(b) be the third derivative of n(b). Calculate c(-5).
10
Let f(k) = 4*k**3 - 2*k**2 - 7*k + 7. Let q(g) = -g**3 + g**2 + 2*g - 2. Let u(s) = 2*f(s) + 7*q(s). Let l(y) = -69 + 2*y + 69. Let c be l(-1). Give u(c).
4
Let j(a) = -2*a**2 + 16*a + 5. Let d be (-2457)/(-455) + 16/10. Determine j(d).
19
Let x be 9/(-15) + 117/45. Let u(y) = 66*y**3 + 8*y**2 - x*y**2 + 0*y - 3*y + 7 - 67*y**3. Give u(6).
-11
Let j(p) = 7*p - 45. Suppose 2*b = 50 - 34. Let c be j(b). Let f(w) = -w**3 + 11*w**2 - w - 7. Calculate f(c).
-18
Suppose -17 = -7*j + 95. Let k(y) = 4*y**3 - 5*y**3 + 12 - 8*y + j*y**2 + y - 27*y**2. Determine k(-10).
-18
Suppose -206*j + 225*j = -76. Let m(c) = -c**2 - 49*c - 177. Let q be m(j). Let n(t) = t**2 - 3*t + 2. What is n(q)?
2
Suppose -2*p = -6*p + 4. Let y = -2067 + 2069. Let u(n) = -y*n**2 - 18*n - p + 22*n - 10*n. Calculate u(-4).
-9
Let r be ((-25)/(-5))/((-1)/5). Let f be (280/49)/((-2)/(-7)). Let q be (-18)/10 - f/r. Let w(v) = 8*v**2. What is w(q)?
8
Let z(j) = 5*j - 4. Let p(c) = -c**3 - c. Let n(u) = 5*u**3 + 3*u**2 - 4*u + 15. Let i(y) = -n(y) - 4*p(y). Let a be i(-7). Let f = 129 - a. Give z(f).
16
Let k be 4/(-8)*-116 - 6